) = -t**2 + 12. Let w(u) = -u**2 + 2*u + 2. Let c be w(3). Let s = c + 1. What is the remainder when 34 is divided by x(s)?
10
Suppose 0 = -5*c - 0*c + 10. What is the remainder when 3 is divided by c?
1
Suppose -h + 15 = 4*h. Let l be (-4)/6 - 85/h. Let x = -17 - l. What is the remainder when x is divided by 7?
5
Suppose 2*k = -3*l + 88, -121 = -3*k + 4*l - 3*l. Let c = -26 + k. Calculate the remainder when 28 is divided by c.
13
Let j be -5 + (-1)/(-1) - 2. Let n be -2 + j/(-3) - -6. Calculate the remainder when (-38)/(-6) - 2/n is divided by 4.
2
Calculate the remainder when ((-3)/6)/((-1)/8) is divided by 3.
1
What is the remainder when (-230)/(-6) - (-2)/12*-8 is divided by 10?
7
Let h = 14 + -9. Suppose h*j + 0*p = -4*p + 116, 0 = j - 4*p - 4. What is the remainder when j is divided by 11?
9
What is the remainder when 7 is divided by 84/(-24)*(-10)/7?
2
Suppose -5*d - 15 = -5*i, -15 = 6*i - i + 5*d. Let t = i + 4. Suppose 0 = -t*p - 0 + 4. Calculate the remainder when p is divided by 1.
0
Suppose 0 = 3*y - y - 5*r - 6, 0 = 3*r. Let a(i) = 2*i**2 - i + 4. Calculate the remainder when 36 is divided by a(y).
17
Let i be 0/(-4) + (11 - 1). Let p = 34 - 24. Let n = p + i. Calculate the remainder when n is divided by 11.
9
Let w = -25 - -18. Let g = w - -19. What is the remainder when 65/3 + (-2)/(-6) is divided by g?
10
Let i = 48 + -41. Calculate the remainder when 27 is divided by i.
6
Let z = 29 - -7. Calculate the remainder when 103 is divided by z.
31
Let x = 27 - 19. Suppose 5*q + 33 + 11 = i, -2*q = x. Calculate the remainder when 71 is divided by i.
23
Let m = -73 - -78. What is the remainder when 47 is divided by m?
2
Suppose 6*j + 9 - 147 = 0. Let b = 41 + -57. Let m = -8 - b. What is the remainder when j is divided by m?
7
Let z = 15 - 0. What is the remainder when 44 is divided by z?
14
Suppose -2*r + 95 = 5*f + 10, -r = 5. Let h(g) = -g**3 + 5*g**2 - 4*g + 2. Let m be h(2). Calculate the remainder when f is divided by -2*(-10)/12*m.
9
Let i = -10 - -15. Let y(d) = -d**3 + 0 + 4*d**2 - 5 + 7*d + d. Calculate the remainder when 19 is divided by y(i).
9
Suppose -z = -121 - 12. Calculate the remainder when z is divided by 34.
31
Let m(w) be the first derivative of -w**3/3 + w**2 - 5*w + 1. Let c be m(5). Let r = c + 29. What is the remainder when 26 is divided by r?
8
Let w(n) = n**3 + 12*n**2 + 11*n + 4. Let r be w(-11). Calculate the remainder when r/(12/(-33))*-3 is divided by 18.
15
Suppose -s + 2*s = 78. What is the remainder when s is divided by 20?
18
What is the remainder when (-4)/(-8) - 1/(2/(-37)) is divided by 10?
9
Let a(w) = w + 17. What is the remainder when 28 is divided by a(-6)?
6
Let r(o) = o**2 + 3*o - 5. Let m be r(-5). Let v(d) = -d**3 + 5*d**2 + 6*d - 7. Calculate the remainder when v(m) is divided by 6.
5
Let w = 11 - -2. Suppose 6 = -0*h + 2*h. Suppose 9 = 2*x + u - 6, 3*x - h*u = 0. What is the remainder when w is divided by x?
3
Let u(c) = 3*c + 18. Let s be u(-10). Calculate the remainder when 81 is divided by (-18)/s - (-39)/2.
18
Let y(p) = 23*p - 1. Calculate the remainder when y(1) is divided by 9.
4
Let q = -4 - -2. Let s(w) = -w - 1. Let y be s(q). Suppose 0 = -g - 0*g + y. What is the remainder when 1 is divided by g?
0
Let y be 13/(-6) - 8/(-48). What is the remainder when (0 + y)/(2/(-66)) is divided by 23?
20
Suppose 0*k - 82 = -4*k - 3*c, 0 = -5*k + 3*c + 116. Calculate the remainder when 65 is divided by k.
21
Let t(x) = -x**2 + 9*x - 6. Let o be t(8). Suppose -3*m = 4*c - 17, -5*m = -6*c + o*c - 39. Calculate the remainder when m is divided by 5.
2
Let a(z) = -z**2 + 16*z - 12. Calculate the remainder when a(10) is divided by 25.
23
Let l be (-136)/12*3*4. What is the remainder when 37 is divided by l/(-14) - (-8)/28?
7
Let d = 72 + -88. Suppose -96 = -5*h + h. Let w = h + d. Calculate the remainder when 23 is divided by w.
7
Let h = 2 + -4. Let c be 15/9 - h/(-3). What is the remainder when 4 is divided by c - -1 - 2 - -2?
0
Suppose -2*w + 43 = s - 4*w, 0 = s + w - 34. What is the remainder when s is divided by 13?
11
Suppose 2*m + 5*b = 32, 0 = m + m - 5*b - 12. What is the remainder when 29 is divided by m?
7
What is the remainder when 15 is divided by 33/(-22)*((-13)/3 - 1)?
7
Let g be (3 + (-7)/2)*-82. Suppose 5*f - 116 + g = 0. What is the remainder when 29 is divided by f?
14
Let j be (9/(-6))/(2/(-120)). Let b = -36 + j. Suppose 0*p + b = 4*p - h, 59 = 5*p + 3*h. Calculate the remainder when 49 is divided by p.
10
Let f(n) = 3*n**3 + 2*n + n**2 - 2 - 4*n**3 + 3*n. Let j be f(3). Let v(m) = -3*m - 6. What is the remainder when 26 is divided by v(j)?
8
Suppose 2*z - 1 = -3, d - z = 18. Calculate the remainder when 47 is divided by d.
13
Let o(q) = q - 8. Let k be o(12). Suppose 0 = -9*d + k*d + 20. What is the remainder when 10 is divided by d?
2
Suppose -2*l + 2*q - 54 = 0, -4*q = -18 + 2. Let k = 32 + l. What is the remainder when 15 is divided by k?
6
Let s(w) = w**3 + 14*w**2 + 11*w - 16. Let c be s(-13). Suppose -t + 0 = -c. What is the remainder when 18 is divided by t?
8
Suppose 5*b - 6*b + 12 = 0. Calculate the remainder when 45 is divided by b.
9
Let j = 37 - -4. Calculate the remainder when j is divided by 22.
19
Let j(r) = r + 2. Let x be j(-6). Calculate the remainder when (34/x)/(3/(-12)) is divided by 12.
10
Let g = -10 - -12. Calculate the remainder when (30/(-6))/(g/(-10)) is divided by 14.
11
Let g(a) = 2 + 2*a**2 + 4*a + 0*a**2 - a**2. Let k be g(-3). What is the remainder when 10 is divided by 0/k - 12/(-2)?
4
Suppose -2*y - 3*y + 2*s + 17 = 0, -5*y + 4*s = -9. Let d(j) = -j + 12. Calculate the remainder when 12 is divided by d(y).
5
Suppose -2*d - 3*v = 54 + 89, -v - 281 = 4*d. Calculate the remainder when 69 is divided by d/(-4)*(-40)/(-50).
13
What is the remainder when (236 - 2) + -4 - -1 is divided by 39?
36
Suppose 2*j - 4*v + 3 - 5 = 0, 4 = -v. Let n = -2 - j. Suppose 2*b - n*u = 7, 6*u - 52 = -2*b + 2*u. Calculate the remainder when 30 is divided by b.
14
Let k(j) = -j**2 - 4*j + 21. What is the remainder when 14 is divided by k(-6)?
5
Suppose -3*c = r + 44, -3*c + 3*r - 34 = -r. Let t = 8 - c. Calculate the remainder when 42 is divided by t.
20
Let f = 4 + 7. Let q = 25 + -6. Calculate the remainder when q is divided by f.
8
Suppose 5*b + 52 = 2*n, -4*b + n + 3 = 47. Let u = b - -23. What is the remainder when u is divided by 3?
2
Let c = -32 - -47. Let b(j) = 5*j - 6. Suppose 5*f = i + f - 7, -2*i = 5*f - 14. Calculate the remainder when b(i) is divided by c.
14
Suppose -4*r = -16, -2*a - 2*r = 2*a - 20. Suppose a*n + 4*i = 7*n - 52, -4*i = -n + 10. Calculate the remainder when -1 + 3 + 0 + 38 is divided by n.
12
Let x be ((-2)/(-4))/(1/6). Let s(a) = -a**3 + 3*a**2 + 4*a - 3. Calculate the remainder when 26 is divided by s(x).
8
Let f = 1 + -1. Suppose -3 = -f*q - q. What is the remainder when 10 is divided by q?
1
Suppose 5*b + 4*b = 27. Let m(x) = 2*x**2 + 3*x + 3. Calculate the remainder when m(-3) is divided by b.
0
What is the remainder when 7 is divided by (-1 - 1) + (3 - -1)?
1
Let o = -6 + 12. Let t be ((-8)/6)/(3/9). Let g = 6 - t. What is the remainder when g is divided by o?
4
Let k(r) = 5*r + 9. Calculate the remainder when 41 is divided by k(0).
5
Suppose 0 = -r - 3*l + 4, r + 4*l - 4 = -3. Let n = -31 + 158. Let d = n + -91. What is the remainder when d is divided by r?
10
Suppose -9 = -2*m + 23. Suppose 4*v = -5*l + 222, -3*l + 3*v = -57 - 87. What is the remainder when l is divided by m?
14
Let c = 57 + -40. Calculate the remainder when 62 is divided by c.
11
Suppose -34 = -2*p - 3*b, -4*p + 108 = -5*b + b. Let u = 33 - 20. What is the remainder when p is divided by u?
10
Let k(d) = -7*d**2 + 4*d - 2. Let c(u) = -10*u**2 + 6*u - 3. Let h(s) = -5*c(s) + 7*k(s). What is the remainder when 2/(-2 + 0) + 17 is divided by h(4)?
7
Let k = -193 + 315. Let f = 51 - 35. Calculate the remainder when k/2*2/2 is divided by f.
13
Suppose -5*r + 64 = -r. Suppose 6 - 30 = -4*c. Calculate the remainder when r is divided by c.
4
Let v be ((-6)/8)/(4/(-16)). Let w = 3 - v. Suppose -125 = -5*z - w*z. What is the remainder when z is divided by 9?
7
Suppose 188 = 4*z - 88. Calculate the remainder when z is divided by 18.
15
Let t(s) = -8*s + 1. Let d be t(1).